se -4*r = -k - i, -k + 1324 = 4*r - 0*k. Is r a composite number?
False
Suppose 0*m - 38619 = -3*m. Suppose 268 - m = -5*h. Is h composite?
False
Let d be 2/11 - 512/(-88). Let k(s) be the second derivative of s**5/10 - 2*s**4/3 - s**3/3 - 5*s**2/2 - 4*s. Is k(d) a composite number?
False
Suppose 4*f = -579 - 689. Suppose 4522 = 7*u - 0*u. Let g = f + u. Is g a prime number?
False
Suppose 3*z - 24 = 12. Suppose -328 = -4*w - z. Is w prime?
True
Let z(x) = 2*x**2 + 2*x - 4. Let o be z(2). Let k(p) = p + 8. Let a be k(o). Is a/72 + 2761/9 composite?
False
Suppose 2*k + 5*f = -1, -6 = -k - 4*k - 4*f. Let v be ((-17)/k)/((-1)/2). Suppose v = 3*a - 88. Is a prime?
False
Suppose -25 = -3*f + 29. Suppose 531 = 21*w - f*w. Is w a prime number?
False
Let m be 7*(-12)/2 + 1. Let x = -32 - m. Suppose 4*z + 3*p - 1160 - x = 0, p = -1. Is z prime?
True
Let a be ((-6)/(-12))/((-1)/(-24)*2). Suppose 2161 = a*t - 581. Is t a composite number?
False
Suppose 6*q + 31504 = 10*q. Let a = -5273 + q. Suppose 4*n - 5*p - 973 = a, 0 = -2*p - 8. Is n prime?
False
Let o = 642 + -1310. Let s = o + 1195. Is s composite?
True
Is ((-1)/3)/(2 - (-1370860)/(-685428)) composite?
False
Is ((-109299)/(-3))/(-27 - -28) prime?
True
Let m be 3*((-3)/(-9) + 1). Suppose c + c + m*k - 688 = 0, c - 316 = 5*k. Suppose -4*i = -3*g - c, 4*g + g = 20. Is i prime?
False
Suppose 5*m = -2*i - 2*i + 1019, -4*m + 1016 = 4*i. Is i composite?
False
Let d(g) = -5935*g**2 + 2*g - 1. Let b be d(1). Is (1/3)/((-2)/b) a prime number?
False
Let v(w) be the first derivative of 27*w**2/2 - w + 17. Is v(12) prime?
False
Let s(g) = 3*g**3 + 4*g**2 - 7*g - 11. Let j be s(9). Suppose -j = -5*q - c, 3*q - c - 3*c = 1453. Is q prime?
True
Let h(y) = -117*y + 7. Suppose -4*z + 0*z - 24 = 0. Is h(z) composite?
False
Suppose -5*s - 84 = 4*x, 20 - 8 = 3*x. Is 1401 + 3/(15/s) a composite number?
True
Let q(f) = 2*f**2 + 7*f - 12. Let x be q(-6). Suppose -3*h + x = -0*h. Suppose -8*o + 2234 = -h*o. Is o a prime number?
True
Let i(q) = -5226*q - 8. Is i(-1) composite?
True
Let g(q) = 17*q**2 + 3*q - 4. Let j be g(5). Suppose 5*u - j = v - 1082, -2*v = -4*u - 1274. Is v prime?
True
Let v be -5 + -2 + 4 + (-1 - -4259). Let h = 7914 - v. Is h a prime number?
True
Let u(b) be the first derivative of -13*b**2/2 + b - 9. Is u(-9) composite?
True
Suppose -4*h - 1835 = -3*m + h, m + 2*h - 630 = 0. Suppose -m = -i + 919. Suppose -5*y = 5*o - 2480, 5*o - 5*y - 911 = i. Is o composite?
True
Suppose 5*x = 4*x + 5*z + 3718, 4*z = 3*x - 11143. Is x a prime number?
False
Is 4053 - ((-64)/(-8) - 4) a prime number?
True
Let p(q) = 75*q - 76. Suppose 4*r = 3*u + 77, -1 = u - 6. Is p(r) a prime number?
False
Let v(a) = -a**2 + 10*a - 11. Let g be v(10). Let u be g/55 - (-38)/(-10). Let q(o) = 13*o**2 + 3. Is q(u) prime?
True
Let l(i) = -67*i**3 + i**2 + 2*i + 1. Let h be l(-2). Let y = h + -274. Is y composite?
False
Suppose 4*u - u = 684. Let k = 1742 + -622. Suppose u = -4*w + k. Is w composite?
False
Is 1623987/38*4/6 a composite number?
True
Let r(j) = 167*j**2 + 9*j + 16. Let v be r(-5). Suppose 2*t + 5*b = 3024, -b + 3368 + v = 5*t. Is t composite?
True
Let g(l) = l**3 + 7*l**2 + 2*l + 16. Let z be (-6)/3 - 9 - -4. Let m be g(z). Suppose r - 90 = -2*k + 25, 5*k - m*r - 265 = 0. Is k a composite number?
True
Let i(n) = 2*n**2 + 9*n + 1. Let x = -3 - -11. Is i(x) prime?
False
Let c(u) = 15*u**3 + 5*u**2 - 5*u + 1. Suppose 2*s - 5 = n - 3, -5*n + 6 = -2*s. Is c(n) composite?
False
Let t be -3 + (-4 - -5*84). Let g = 592 - t. Suppose 3*j - 202 = g. Is j composite?
False
Suppose 8199 = 4*b + h, 6*h = b + 8*h - 2055. Is b composite?
True
Suppose 0*t + 3689 = 2*x + t, -5531 = -3*x - 2*t. Is x composite?
False
Suppose 3*y - 24 = -3*i, i = -5*y - 2 + 22. Suppose -y*k + 127 = -1436. Is k a prime number?
True
Let l = -19 + 20. Suppose -p + 15 = 4*n, n - 2*n = 5*p + l. Let c(g) = 32*g + 3. Is c(n) a prime number?
True
Let z = 226 + -60. Let t = 284 - z. Is t a composite number?
True
Suppose -39 = 4*y + 2*r + 3*r, 5*y - 2*r + 24 = 0. Let q be 0 - (-2 - y/(-3)). Suppose -560 - 1028 = -q*k. Is k prime?
True
Suppose -32 = -7*z + 38. Is (-34)/(-85) + 23616/z a prime number?
False
Let d(z) = 225*z**2 + 5*z - 41. Is d(9) a composite number?
False
Suppose 0 = 5*q + 18 - 88. Suppose -q*t = -10*t + 2644. Let x = t + 1034. Is x prime?
True
Let p be 555 - 4/6*(-6)/(-4). Suppose 9*m = 6251 - p. Is m composite?
True
Suppose 0 = 10*m - 131423 + 28833. Is m a prime number?
True
Let r(c) = -c**3 + 28*c**2 - 77*c - 23. Is r(23) a prime number?
False
Suppose 41*u = 54*u - 266591. Is u a composite number?
False
Suppose -13*j + 16*j - 18087 = 0. Is j prime?
True
Let w = 13 + -13. Let z(s) = s + 979. Let a be z(w). Let h = 1962 - a. Is h prime?
True
Let b(v) = 2*v - 24. Let u be b(14). Suppose u*g - 16 = 12*g. Is g + 2 - (-630 + -5) prime?
False
Let s(x) = -7*x**3 + 3*x**2 - 11*x - 2. Let v = 1 + -6. Is s(v) composite?
True
Suppose -r + 5*n - 8 = 0, 5*n - 4 = -3*r + 6*n. Suppose 0 = -3*y - 5*w + 2171, -y = r*y + 2*w - 2159. Is y prime?
False
Let p be (0/1 - 1)/(4/(-8)). Is 104 - (p/(-1) + 3) prime?
True
Let i(z) = 2*z - 8. Let w be i(12). Is (-5534)/(-14) - w/56 prime?
False
Suppose -1780 = 2*q + 5*a, 4*q - 2*a + 4780 - 1220 = 0. Let g = -119 - q. Is g composite?
True
Let r = 71057 + -41400. Is r a composite number?
True
Let k(t) = 17854*t**3 - 2*t + 3. Is k(1) a prime number?
False
Is (-118452)/8*(-8)/12 prime?
True
Suppose -52*v + 37*v + 1725105 = 0. Is v a composite number?
True
Let o(z) = 11*z - 289. Let v be o(11). Let l(y) = 39*y + 3. Let m be l(6). Let f = m + v. Is f composite?
True
Let s(l) = 6*l**2 + 4*l + 3. Let y be s(7). Let a be 0/(1/(-2)*4). Suppose -3*v = k - 6*v - y, a = 2*k - 5*v - 652. Is k prime?
True
Let m = 2855 + -1803. Suppose -2*c + m = 2*c. Is c a prime number?
True
Let i(p) = -6*p**3 + 2*p**2 + 4*p + 9. Suppose 0 = -4*r + 3*f - 10, f = 3*f + 4. Is i(r) prime?
True
Let d = 1080 + 2119. Is d prime?
False
Let a(g) = 7*g**2 + 3*g + 19. Suppose -5*j - 3*q + 19 + 6 = 0, 4*j + q - 27 = 0. Is a(j) composite?
False
Let v(k) = -16*k**3 - 7*k**2 - 5*k + 6. Let n be v(-5). Is (-6)/(-10) - n/(-40) a composite number?
False
Suppose 8*c = 13*c - 45. Let p be (c/4)/((-3)/16). Is (-1950)/p - 3/(-6) composite?
False
Let y = 949 - 282. Is y prime?
False
Suppose 3*r - r - 432 = 0. Let t = -125 + r. Suppose 0 = 2*g - 43 - t. Is g a prime number?
True
Let i(t) = 117*t**3 - 2*t**2 + 13*t - 9. Is i(4) prime?
True
Suppose 4*m + 5*i = 508, -9*i = 2*m - 11*i - 254. Is m prime?
True
Suppose -130 = 5*w + 55. Let q = 308 + w. Is q a composite number?
False
Let d be (-20)/(-110) + 1338/22. Let b be ((-3)/(-1) - 2)*d. Suppose -202 = -j + b. Is j composite?
False
Suppose -12 = -8*a + 36. Suppose 6765 = a*d + 807. Is d prime?
False
Let k(i) = -i**3 - 9*i**2 + 12*i + 17. Let h be k(-10). Let y(b) = -267*b - 4. Is y(h) a prime number?
True
Suppose -9*w - 7555 = -4*f - 12*w, -f + 1876 = 5*w. Is f prime?
False
Let w be 3/((-12)/(-4 - -8)) + -1084. Let s = w - -1596. Is s prime?
False
Suppose j - 1 - 3 = 0. Let f(w) = -j*w**2 - 3 - 3 + 2 + w**3. Is f(5) composite?
True
Let d(a) = 3 - 19*a**2 - 2 + 582*a**2. Let u be d(1). Is 3/15 - u/(-30) prime?
True
Let z(c) = -c**2 - 10*c - 11. Let o be z(-8). Suppose -o - 1 = -3*n. Is 519/27 + n/(-9) composite?
False
Suppose -q - 22482 = -4*c + 4723, -4*q = 4. Is c a prime number?
False
Let d(z) = 372*z - 55. Is d(3) composite?
False
Let w(b) = 2063*b - 10. Is w(1) composite?
False
Suppose 4*i + 2*m = 19448, 5*m = 26*i - 24*i - 9712. Is i a composite number?
False
Let w = -422 - -218. Let p = -1213 - -1724. Let o = p + w. Is o a prime number?
True
Suppose -5*k - 44 = 6. Let w(p) = p**2 - 10*p + 8. Let u be w(10). Is (-246)/k - u/(-20) prime?
False
Let z be 12/(-3) - (-1 - 2 - -7). Is (-158)/z - 15/(-12) composite?
True
Suppose -6*v + 5297 + 5785 = 0. Is v prime?
True
Let r(c) = -c**3 - 13*c**2 - 8*c + 15. Let h = -11 + 71. Suppose -3*w = -21 + h. Is r(w) composite?
True
Suppose -7064 = -t - 4*u + 2445, 37961 = 4*t + u. Is t prime?
False
Let b be 20/2 - 3 - 3. Is (-2334)/4*b/(-6) composite?
False
Suppose -g = -5*v + 561, 3*v = 2*v - 1. Let f = 1419 + g. Is f a prime number?
True
Let a(h) = 5*h**2 - 9*h - 10. Let c = -15 - -38. Suppo